Suppose -285*d - 318*d = -657*d + 473796. Calculate the highest common factor of d and 856.
214
Let s = -847 + 189. Let w = -361 - s. Suppose 21*x - 23*x = -5*r + 161, 5*x = 10. Calculate the highest common factor of r and w.
33
Suppose b - 4 = 3. Suppose -82*g + 74*g = -448. What is the highest common factor of g and b?
7
Suppose -21*m + 30 = 9. Let v be m/1 + (5 - 2091) + -3. Let o be -1*v/32 - (-2)/(-8). What is the highest common factor of 13 and o?
13
Let v = -7 + 5. Let f be 0/((v - -4)/(-1)). Let h(k) = k**3 + 2*k + 6. Let n be h(f). What is the greatest common divisor of n and 3?
3
Let t be 3*9/(216/520). Let a be 5/((-15)/(-2652))*(-10)/(-8). Calculate the greatest common divisor of a and t.
65
Let u = 3 - 1. Suppose 0 = 72*x - 63*x - 18. Suppose x*o - 38 = y, 3*o - 5*y + 8 = 4*o. Calculate the greatest common divisor of u and o.
2
Suppose 2*o - s = 8896, 4*o + s - 8797 - 8983 = 0. Calculate the highest common divisor of o and 171.
171
Suppose -2*c = -3*h - 8, 15 = -3*c - h + 5. Let i be ((-6)/(-4) - 41/c)/2. Suppose -i = -2*x + 39. Calculate the greatest common factor of x and 275.
25
Let c be 32/2*1/6*(-12567)/(-284). What is the highest common factor of 21063 and c?
59
Suppose 226*i + 2*p = 230*i - 432, 0 = i + 2*p - 118. Calculate the greatest common divisor of i and 8558.
22
Suppose 12*c - 192 + 132 = 0. Suppose -4*t + 3*o + 725 = 0, 5*o + 2 = 27. What is the highest common divisor of t and c?
5
Let i(y) = -2*y**3 + 56*y**2 - 33*y + 8. Let b be i(27). What is the greatest common divisor of b and 69?
23
Let b = 169 - -93. Suppose -493 + b = -3*h. Calculate the greatest common divisor of 22 and h.
11
Suppose -3*p + 41 = 3*g - 55, 2*p = 5*g - 167. Suppose 20*c = 728*c - 56*c + 73*c - 191400. What is the greatest common divisor of c and g?
33
Let j = 1 + -133. Let i = j - -160. What is the greatest common divisor of 168 and i?
28
Let x be ((-119)/(-4) + (-1659)/948)/(12/105). Let q be (-422)/(-3) - (-2)/(-3). Calculate the greatest common factor of q and x.
35
Let u(f) = -f - 1. Let j(n) = -n**2 + 16*n - 83. Let l(q) = -j(q) + 2*u(q). Let r be l(7). Calculate the greatest common divisor of 44 and r.
4
Let t(r) be the second derivative of 3*r**5/5 - 4*r**4/3 + r**3/6 - r**2/2 - 14*r + 3. Let u be t(2). What is the greatest common divisor of u and 759?
33
Let g(a) = -19*a**2 - 57*a + 58. Let o be g(1). Let s be o/(-4)*(-54 + 76). Calculate the greatest common divisor of 33 and s.
33
Suppose -4*r = 4*f - 8392, -12*r + 2086 = -11*r - 5*f. Calculate the highest common factor of 64 and r.
16
Suppose -13*m - 24 = -9*m. Let u(p) = -3*p + 18. Let j be u(m). Let a = j + 2. Calculate the greatest common divisor of 95 and a.
19
Suppose -3*z - 27 = -0*z. Let f = z + 23. Let x(q) = -13*q + 154. Let r be x(0). What is the greatest common divisor of f and r?
14
Let w be 1 + (-581)/4 + 84/(-112). Let h = 156 + w. What is the greatest common factor of h and 539?
11
Suppose 14*a - 476 = 14. Calculate the highest common factor of a and 465.
5
Let f(t) = 5*t + 93. Let g be f(-16). Let q = 21 + -32. Let v be q - -12 - -3*4. What is the greatest common divisor of v and g?
13
Let j(l) = -l**3 - 4*l**2 - 10*l - 23. Let t be j(-4). Calculate the greatest common divisor of 4335 and t.
17
Let b be 162/(-594) - 1480/(-22). Calculate the highest common factor of 67 and b.
67
Let h = -67 + 45. Let n(z) = z**3 + 22*z**2 - 3*z - 36. Let i be n(h). What is the greatest common factor of 240 and i?
30
Let y be 1474992/64 + 5/20. Calculate the highest common factor of 19 and y.
19
Suppose 5*o = q - 2*q + 19, 4*q - 94 = -2*o. Suppose 2*j - q = -10*j. Let l be (520/2)/j + 0. Calculate the highest common factor of 26 and l.
26
Suppose -2*y + 3508 = 4*p, 2*p + 3*y + y - 1754 = 0. Let b = p + -735. Calculate the greatest common divisor of 71 and b.
71
Let u(a) = -91*a + 2055. Let n be u(21). What is the greatest common divisor of 666 and n?
18
Let p = -6 + 10. Let w(m) = -326 - 5*m**2 - 11*m**3 + 14*m**3 - 3*m + 335. Let n be w(3). What is the highest common factor of n and p?
4
Let p be 75/5 + -1 + 410. What is the highest common factor of p and 901?
53
Suppose -65*g - 192 = -57*g. Let r(w) = 2*w + 112. Let q be r(g). Calculate the highest common divisor of 24 and q.
8
Let f = 50 - 31. Let g(v) = v**2 + 7*v + 44. Let w be g(-14). Let p = -123 + w. What is the greatest common divisor of p and f?
19
Let x = 26410 + -25546. Calculate the highest common factor of x and 6144.
96
Suppose -28 = 1555*d - 1559*d. What is the highest common divisor of 672 and d?
7
Let j(v) = -22*v**2 + 240*v - 4. Let b = 774 + -765. Let o be j(b). What is the highest common divisor of o and 68?
34
Let v(r) = 3*r**2 - 15*r + 34. Let o be v(7). Let z = o + -11. What is the greatest common factor of z and 5?
5
Let f = 191 - -412. Let u = 1357 - f. What is the greatest common factor of u and 116?
58
Let k be -1 - 1 - -8*5. What is the greatest common factor of 969 and k?
19
Suppose -p - 100 = -f + 260, 0 = -4*p. Suppose 0*w + f = 4*w. Calculate the highest common divisor of 54 and w.
18
Let p(s) = 2*s**3 + 4*s**2 - 4*s + 7. Let d be p(-3). Suppose q + 4*j - 45 = 0, -j = -d - 2. Calculate the greatest common factor of q and 495.
33
Suppose 0 = -3*p + 2*x + 680, 5*p + 121*x - 1140 = 123*x. Let r be (-924)/(-10) + 4/(-10). Calculate the highest common divisor of p and r.
46
Let m be 169 - ((-31)/(-7) - 36/84). What is the greatest common divisor of m and 2550?
15
Let v be 9/(-7) + (-3360696)/(-476). What is the greatest common factor of v and 39?
39
Let j be -1*((-3)/(-3) + 151). Let s = 229 + j. Suppose 34 = 2*c + 4*u, -5*c + 4*u = 6*u - s. Calculate the highest common divisor of 9 and c.
3
Let g be (-1)/(-3)*0*5/(-60). Suppose 0 = -2*c - p + 7, g = 4*p - 1 - 11. What is the greatest common factor of c and 23?
1
Let p = 151970 - 151954. Let k be (-1090)/(-4) + 2/(-4). Calculate the highest common factor of k and p.
16
Let t = 590 - -1487. Calculate the highest common factor of t and 124.
31
Let y be (134 - -2 - 14) + -3 + 1 + 0. What is the highest common divisor of 414 and y?
6
Let h = 1439 - 1411. Suppose 0 = f - 2*p, -f - 4*p - 10 = -40. Suppose 5*o - f = 0, 5*o - 3 = m - 0. What is the greatest common divisor of m and h?
7
Suppose -5189 = -2*n - 3*l, -49 + 74 = 5*l. What is the highest common divisor of n and 13?
13
Let v(g) = -g**3 - g**2 + g + 10. Let f be v(0). Suppose -5*h + 66 = 4*b, 5*h + 5*b + 11 = 91. What is the greatest common divisor of h and f?
2
Suppose -203*s + 208*s - 195 = 5*w, 3*w = s - 53. What is the highest common divisor of s and 1528?
8
Let p = -114 + 140. Suppose 0 = 14*u + p*u - 2120. Calculate the highest common factor of u and 1007.
53
Let o = -43 + 6. Let d = 89 - o. Suppose -9972 = -547*v - 7*v. Calculate the highest common factor of v and d.
18
Let c(s) = -217*s + 142. Let q be c(-15). What is the greatest common divisor of q and 43?
43
Let q = 1 - -68. Let r(l) = 7*l**2 + 20*l + 61. Let d be r(-3). Let s = d + q. What is the highest common factor of 19 and s?
19
Let s(m) = -m**2 + 29*m + 52. Let h be s(30). Let x be (-216)/(-10) - (-4)/10. What is the highest common divisor of x and h?
22
Suppose 3*d = -5*l + 3, 3 = -5*l + 3*d - 0. Suppose l = 11*m - 8*m - 198. Calculate the highest common divisor of m and 22.
22
Let y = 54 - 53. Let w be (3 - (1 - y))/((-7)/(-7)). Let r be w + -2 + -2 - (-2 - 1). What is the greatest common divisor of 28 and r?
2
Let f(x) = 31785*x**2 + 7*x - 14. Let c be f(2). Let o be (-6)/(-51) - c/(-170). Calculate the greatest common divisor of 44 and o.
44
Let p(n) = n**2 + 9*n - 8. Let c be p(-10). Let f(t) = 144*t**2 - 66*t**2 - 5*t - 69*t**2. Let z be f(c). What is the highest common divisor of 2 and z?
2
Let o = 21 - 21. Suppose -i - 5*b + 55 = o, 3*i - 2*i + 3*b - 47 = 0. Let t = 1 - -4. Calculate the highest common divisor of t and i.
5
Let t = 249 + -151. Let x(k) = 104*k - 586. Let i be x(16). What is the greatest common divisor of i and t?
98
Let i = -26 - -50. Let a be 1 + 0 - 16286/(-34). Suppose 2*s = -3*s + a. What is the highest common factor of s and i?
24
Let f(r) = 18*r - 45. Let k be f(-19). Let j = k - -550. Suppose j*g = 168*g - 25. What is the greatest common divisor of g and 80?
5
Suppose -2*r - 5*o + 2 - 12 = 0, 2*r + 3*o